{"id":398,"date":"2025-05-17T11:23:01","date_gmt":"2025-05-17T09:23:01","guid":{"rendered":"http:\/\/arianecross.com\/?page_id=398"},"modified":"2025-09-04T17:32:36","modified_gmt":"2025-09-04T15:32:36","slug":"organisation","status":"publish","type":"page","link":"https:\/\/arianecross.com\/?page_id=398","title":{"rendered":"Organisation"},"content":{"rendered":"<div data-colibri-id=\"398-c1\" class=\"style-723 style-local-398-c1 position-relative\">\n  <!---->\n  <div data-colibri-component=\"section\" data-colibri-id=\"398-c2\" id=\"team\" class=\"h-section h-section-global-spacing d-flex align-items-lg-center align-items-md-center align-items-center style-724 style-local-398-c2 position-relative\">\n    <!---->\n    <!---->\n    <div class=\"h-section-grid-container h-section-boxed-container\">\n      <div data-colibri-id=\"398-c27\" class=\"h-row-container gutters-row-lg-2 gutters-row-md-2 gutters-row-0 gutters-row-v-lg-2 gutters-row-v-md-2 gutters-row-v-2 style-738 style-local-398-c27 position-relative\">\n        <!---->\n        <div class=\"h-row justify-content-lg-center justify-content-md-center justify-content-center align-items-lg-stretch align-items-md-stretch align-items-stretch gutters-col-lg-2 gutters-col-md-2 gutters-col-0 gutters-col-v-lg-2 gutters-col-v-md-2 gutters-col-v-2\">\n          <!---->\n          <div class=\"h-column h-column-container d-flex h-col-lg-auto h-col-md-auto h-col-auto style-739-outer style-local-398-c28-outer\">\n            <div data-colibri-id=\"398-c28\" class=\"d-flex h-flex-basis h-column__inner h-px-lg-2 h-px-md-2 h-px-2 v-inner-lg-2 v-inner-md-2 v-inner-2 style-739 style-local-398-c28 position-relative\">\n              <!---->\n              <!---->\n              <div class=\"w-100 h-y-container h-column__content h-column__v-align flex-basis-100 align-self-lg-start align-self-md-start align-self-start\">\n                <!---->\n                <div data-colibri-id=\"398-c29\" class=\"h-global-transition-all h-heading style-740 style-local-398-c29 position-relative h-element\">\n                  <!---->\n                  <div class=\"h-heading__outer style-740 style-local-398-c29\">\n                    <!---->\n                    <!---->\n                    <h2 class=\"\">Eiffage Energie Syst\u00e8mes \/ M2A<\/h2>\n                  <\/div>\n                <\/div>\n                <div data-colibri-id=\"398-c30\" class=\"h-lead h-text h-text-component style-741 style-local-398-c30 position-relative h-element\">\n                  <!---->\n                  <!---->\n                  <div class=\"\">\n                    <p>Let&#8217;s introduce 2025 Mulhouse edition team<\/p>\n                  <\/div>\n                <\/div>\n              <\/div>\n            <\/div>\n          <\/div>\n        <\/div>\n      <\/div>\n      <div data-colibri-id=\"398-c3\" class=\"h-row-container gutters-row-lg-2 gutters-row-md-2 gutters-row-0 gutters-row-v-lg-2 gutters-row-v-md-2 gutters-row-v-2 style-725 style-local-398-c3 position-relative\">\n        <!---->\n        <div class=\"h-row justify-content-lg-center justify-content-md-center justify-content-center align-items-lg-stretch align-items-md-stretch align-items-stretch gutters-col-lg-2 gutters-col-md-2 gutters-col-0 gutters-col-v-lg-2 gutters-col-v-md-2 gutters-col-v-2\">\n          <!---->\n          <div class=\"h-column h-column-container d-flex h-col-lg-3 h-col-md-6 h-col-12 style-726-outer style-local-398-c4-outer\">\n            <div data-colibri-id=\"398-c4\" class=\"d-flex h-flex-basis h-column__inner h-px-lg-0 h-px-md-0 h-px-0 v-inner-lg-0 v-inner-md-0 v-inner-0 style-726 style-local-398-c4 position-relative\">\n              <!---->\n              <!---->\n              <div class=\"w-100 h-y-container h-column__content h-column__v-align flex-basis-100 align-self-lg-start align-self-md-start align-self-start\">\n                <!---->\n                <div data-colibri-id=\"398-c5\" class=\"d-block style-727 style-local-398-c5 position-relative h-element\">\n                  <!---->\n                  <div class=\"h-image__frame-container-outer\">\n                    <div class=\"h-image__frame-container\">\n                      <!---->\n                      <!---->\n                      <img loading=\"lazy\" decoding=\"async\" width=\"1308\" height=\"1311\" src=\"http:\/\/arianecross.com\/wp-content\/uploads\/2025\/08\/cropped-Veronique-Meyer-m2A.jpg\" class=\"wp-image-1188 style-727-image style-local-398-c5-image\" alt=\"\" srcset=\"https:\/\/arianecross.com\/wp-content\/uploads\/2025\/08\/cropped-Veronique-Meyer-m2A.jpg 1308w, https:\/\/arianecross.com\/wp-content\/uploads\/2025\/08\/cropped-Veronique-Meyer-m2A-300x300.jpg 300w, https:\/\/arianecross.com\/wp-content\/uploads\/2025\/08\/cropped-Veronique-Meyer-m2A-1022x1024.jpg 1022w, https:\/\/arianecross.com\/wp-content\/uploads\/2025\/08\/cropped-Veronique-Meyer-m2A-150x150.jpg 150w, https:\/\/arianecross.com\/wp-content\/uploads\/2025\/08\/cropped-Veronique-Meyer-m2A-768x770.jpg 768w\" sizes=\"auto, (max-width: 1308px) 100vw, 1308px\" \/>\n                      <div class=\"h-image__frame h-hide-lg h-hide-md h-hide-sm style-727-frameImage style-local-398-c5-frameImage\"><\/div>\n                    <\/div>\n                  <\/div>\n                <\/div>\n                <div data-colibri-id=\"398-c6\" class=\"h-global-transition-all h-heading style-728 style-local-398-c6 position-relative h-element\">\n                  <!---->\n                  <div class=\"h-heading__outer style-728 style-local-398-c6\">\n                    <!---->\n                    <!---->\n                    <h4 class=\"\">V\u00e9ronique MEYER<\/h4>\n                  <\/div>\n                <\/div>\n                <div data-colibri-id=\"398-c7\" class=\"h-text h-text-component style-729 style-local-398-c7 position-relative h-element\">\n                  <!---->\n                  <!---->\n                  <div class=\"\">\n                    <p>Conseill\u00e8re communautaire m2A en charge de la Communaut\u00e9 des Villes Ariane<\/p>\n                  <\/div>\n                <\/div>\n                <div data-colibri-id=\"398-c8\" class=\"d-block style-942 style-local-398-c8 position-relative h-element\">\n                  <!---->\n                  <div class=\"h-image__frame-container-outer\">\n                    <div class=\"h-image__frame-container\">\n                      <!---->\n                      <!---->\n                      <img loading=\"lazy\" decoding=\"async\" width=\"1701\" height=\"1701\" src=\"http:\/\/arianecross.com\/wp-content\/uploads\/2025\/08\/cropped-m2A_quadri_rondombre.png\" class=\"wp-image-1191 style-942-image style-local-398-c8-image\" alt=\"\" srcset=\"https:\/\/arianecross.com\/wp-content\/uploads\/2025\/08\/cropped-m2A_quadri_rondombre.png 1701w, https:\/\/arianecross.com\/wp-content\/uploads\/2025\/08\/cropped-m2A_quadri_rondombre-300x300.png 300w, https:\/\/arianecross.com\/wp-content\/uploads\/2025\/08\/cropped-m2A_quadri_rondombre-1024x1024.png 1024w, https:\/\/arianecross.com\/wp-content\/uploads\/2025\/08\/cropped-m2A_quadri_rondombre-150x150.png 150w, https:\/\/arianecross.com\/wp-content\/uploads\/2025\/08\/cropped-m2A_quadri_rondombre-768x768.png 768w, https:\/\/arianecross.com\/wp-content\/uploads\/2025\/08\/cropped-m2A_quadri_rondombre-1536x1536.png 1536w\" sizes=\"auto, (max-width: 1701px) 100vw, 1701px\" \/>\n                      <div class=\"h-image__frame h-hide-lg h-hide-md h-hide-sm style-942-frameImage style-local-398-c8-frameImage\"><\/div>\n                    <\/div>\n                  <\/div>\n                <\/div>\n              <\/div>\n            <\/div>\n          <\/div>\n          <div class=\"h-column h-column-container d-flex h-col-lg-3 h-col-md-6 h-col-12 style-726-outer style-local-398-c9-outer\">\n            <div data-colibri-id=\"398-c9\" class=\"d-flex h-flex-basis h-column__inner h-px-lg-0 h-px-md-0 h-px-0 v-inner-lg-0 v-inner-md-0 v-inner-0 style-726 style-local-398-c9 position-relative\">\n              <!---->\n              <!---->\n              <div class=\"w-100 h-y-container h-column__content h-column__v-align flex-basis-100 align-self-lg-start align-self-md-start align-self-start\">\n                <!---->\n                <div data-colibri-id=\"398-c10\" class=\"d-block style-732 style-local-398-c10 position-relative h-element\">\n                  <!---->\n                  <div class=\"h-image__frame-container-outer\">\n                    <div class=\"h-image__frame-container\">\n                      <!---->\n                      <!---->\n                      <img loading=\"lazy\" decoding=\"async\" width=\"484\" height=\"484\" src=\"http:\/\/arianecross.com\/wp-content\/uploads\/2025\/08\/cropped-PCO9.jpg\" class=\"wp-image-1200 style-732-image style-local-398-c10-image\" alt=\"\" srcset=\"https:\/\/arianecross.com\/wp-content\/uploads\/2025\/08\/cropped-PCO9.jpg 484w, https:\/\/arianecross.com\/wp-content\/uploads\/2025\/08\/cropped-PCO9-300x300.jpg 300w, https:\/\/arianecross.com\/wp-content\/uploads\/2025\/08\/cropped-PCO9-150x150.jpg 150w\" sizes=\"auto, (max-width: 484px) 100vw, 484px\" \/>\n                      <div class=\"h-image__frame h-hide-lg h-hide-md h-hide-sm style-732-frameImage style-local-398-c10-frameImage\"><\/div>\n                    <\/div>\n                  <\/div>\n                <\/div>\n                <div data-colibri-id=\"398-c11\" class=\"h-global-transition-all h-heading style-728 style-local-398-c11 position-relative h-element\">\n                  <!---->\n                  <div class=\"h-heading__outer style-728 style-local-398-c11\">\n                    <!---->\n                    <!---->\n                    <h4 class=\"\">Pascal CONRATH<\/h4>\n                  <\/div>\n                <\/div>\n                <div data-colibri-id=\"398-c12\" class=\"h-text h-text-component style-729 style-local-398-c12 position-relative h-element\">\n                  <!---->\n                  <!---->\n                  <div class=\"\">\n                    <p>Directeur Commercial Spatial Eiffage Energie Syst\u00e8mes, en charge de la Communaut\u00e9 des Villes Ariane&nbsp;<\/p>\n                  <\/div>\n                <\/div>\n                <div data-colibri-id=\"398-c13\" class=\"d-block style-943 style-local-398-c13 position-relative h-element\">\n                  <!---->\n                  <div class=\"h-image__frame-container-outer\">\n                    <div class=\"h-image__frame-container\">\n                      <!---->\n                      <!---->\n                      <img loading=\"lazy\" decoding=\"async\" width=\"623\" height=\"242\" src=\"http:\/\/arianecross.com\/wp-content\/uploads\/2025\/08\/Image2.png\" class=\"wp-image-1025 style-943-image style-local-398-c13-image\" alt=\"\" srcset=\"https:\/\/arianecross.com\/wp-content\/uploads\/2025\/08\/Image2.png 623w, https:\/\/arianecross.com\/wp-content\/uploads\/2025\/08\/Image2-300x117.png 300w\" sizes=\"auto, (max-width: 623px) 100vw, 623px\" \/>\n                      <div class=\"h-image__frame h-hide-lg h-hide-md h-hide-sm style-943-frameImage style-local-398-c13-frameImage\"><\/div>\n                    <\/div>\n                  <\/div>\n                <\/div>\n              <\/div>\n            <\/div>\n          <\/div>\n          <div class=\"h-column h-column-container d-flex h-col-lg-3 h-col-md-6 h-col-12 style-726-outer style-local-398-c14-outer\">\n            <div data-colibri-id=\"398-c14\" class=\"d-flex h-flex-basis h-column__inner h-px-lg-0 h-px-md-0 h-px-0 v-inner-lg-0 v-inner-md-0 v-inner-0 style-726 style-local-398-c14 position-relative\">\n              <!---->\n              <!---->\n              <div class=\"w-100 h-y-container h-column__content h-column__v-align flex-basis-100 align-self-lg-start align-self-md-start align-self-start\">\n                <!---->\n                <div data-colibri-id=\"398-c15\" class=\"d-block style-734 style-local-398-c15 position-relative h-element\">\n                  <!---->\n                  <div class=\"h-image__frame-container-outer\">\n                    <div class=\"h-image__frame-container\">\n                      <!---->\n                      <!---->\n                      <img loading=\"lazy\" decoding=\"async\" width=\"240\" height=\"240\" src=\"http:\/\/arianecross.com\/wp-content\/uploads\/2025\/08\/Lydia_Hamoud.png\" class=\"wp-image-1216 style-734-image style-local-398-c15-image\" alt=\"\" srcset=\"https:\/\/arianecross.com\/wp-content\/uploads\/2025\/08\/Lydia_Hamoud.png 240w, https:\/\/arianecross.com\/wp-content\/uploads\/2025\/08\/Lydia_Hamoud-150x150.png 150w\" sizes=\"auto, (max-width: 240px) 100vw, 240px\" \/>\n                      <div class=\"h-image__frame h-hide-lg h-hide-md h-hide-sm style-734-frameImage style-local-398-c15-frameImage\"><\/div>\n                    <\/div>\n                  <\/div>\n                <\/div>\n                <div data-colibri-id=\"398-c16\" class=\"h-global-transition-all h-heading style-728 style-local-398-c16 position-relative h-element\">\n                  <!---->\n                  <div class=\"h-heading__outer style-728 style-local-398-c16\">\n                    <!---->\n                    <!---->\n                    <h4 class=\"\">Lydia HAMOUD&nbsp;<\/h4>\n                  <\/div>\n                <\/div>\n                <div data-colibri-id=\"398-c17\" class=\"h-text h-text-component style-729 style-local-398-c17 position-relative h-element\">\n                  <!---->\n                  <!---->\n                  <div class=\"\">\n                    <p>Responsable communication<\/p>\n                    <p>\n                      <br>\n                    <\/p>\n                    <p>\n                      <br>\n                    <\/p>\n                  <\/div>\n                <\/div>\n                <div data-colibri-id=\"398-c18\" class=\"d-block style-944 style-local-398-c18 position-relative h-element\">\n                  <!---->\n                  <div class=\"h-image__frame-container-outer\">\n                    <div class=\"h-image__frame-container\">\n                      <!---->\n                      <!---->\n                      <img loading=\"lazy\" decoding=\"async\" width=\"623\" height=\"242\" src=\"http:\/\/arianecross.com\/wp-content\/uploads\/2025\/08\/Image2.png\" class=\"wp-image-1025 style-944-image style-local-398-c18-image\" alt=\"\" srcset=\"https:\/\/arianecross.com\/wp-content\/uploads\/2025\/08\/Image2.png 623w, https:\/\/arianecross.com\/wp-content\/uploads\/2025\/08\/Image2-300x117.png 300w\" sizes=\"auto, (max-width: 623px) 100vw, 623px\" \/>\n                      <div class=\"h-image__frame h-hide-lg h-hide-md h-hide-sm style-944-frameImage style-local-398-c18-frameImage\"><\/div>\n                    <\/div>\n                  <\/div>\n                <\/div>\n              <\/div>\n            <\/div>\n          <\/div>\n          <div class=\"h-column h-column-container d-flex h-col-lg-3 h-col-md-6 h-col-12 style-726-outer style-local-398-c19-outer\">\n            <div data-colibri-id=\"398-c19\" class=\"d-flex h-flex-basis h-column__inner h-px-lg-0 h-px-md-0 h-px-0 v-inner-lg-0 v-inner-md-0 v-inner-0 style-726 style-local-398-c19 position-relative\">\n              <!---->\n              <!---->\n              <div class=\"w-100 h-y-container h-column__content h-column__v-align flex-basis-100 align-self-lg-start align-self-md-start align-self-start\">\n                <!---->\n                <div data-colibri-id=\"398-c20\" class=\"d-block style-736 style-local-398-c20 position-relative h-element\">\n                  <!---->\n                  <div class=\"h-image__frame-container-outer\">\n                    <div class=\"h-image__frame-container\">\n                      <!---->\n                      <!---->\n                      <img loading=\"lazy\" decoding=\"async\" width=\"1917\" height=\"1921\" src=\"http:\/\/arianecross.com\/wp-content\/uploads\/2025\/09\/cropped-20250903_173038-scaled-1.jpg\" class=\"wp-image-1228 style-736-image style-local-398-c20-image\" alt=\"\" srcset=\"https:\/\/arianecross.com\/wp-content\/uploads\/2025\/09\/cropped-20250903_173038-scaled-1.jpg 1917w, https:\/\/arianecross.com\/wp-content\/uploads\/2025\/09\/cropped-20250903_173038-scaled-1-300x300.jpg 300w, https:\/\/arianecross.com\/wp-content\/uploads\/2025\/09\/cropped-20250903_173038-scaled-1-1022x1024.jpg 1022w, https:\/\/arianecross.com\/wp-content\/uploads\/2025\/09\/cropped-20250903_173038-scaled-1-150x150.jpg 150w, https:\/\/arianecross.com\/wp-content\/uploads\/2025\/09\/cropped-20250903_173038-scaled-1-768x770.jpg 768w, https:\/\/arianecross.com\/wp-content\/uploads\/2025\/09\/cropped-20250903_173038-scaled-1-1533x1536.jpg 1533w\" sizes=\"auto, (max-width: 1917px) 100vw, 1917px\" \/>\n                      <div class=\"h-image__frame h-hide-lg h-hide-md h-hide-sm style-736-frameImage style-local-398-c20-frameImage\"><\/div>\n                    <\/div>\n                  <\/div>\n                <\/div>\n                <div data-colibri-id=\"398-c21\" class=\"h-global-transition-all h-heading style-728 style-local-398-c21 position-relative h-element\">\n                  <!---->\n                  <div class=\"h-heading__outer style-728 style-local-398-c21\">\n                    <!---->\n                    <!---->\n                    <h4 class=\"\">Vincent ANSETT<\/h4>\n                  <\/div>\n                <\/div>\n                <div data-colibri-id=\"398-c22\" class=\"h-text h-text-component style-729 style-local-398-c22 position-relative h-element\">\n                  <!---->\n                  <!---->\n                  <div class=\"\">\n                    <p>Chef de projets<\/p>\n                    <p>Pr\u00e9sident de la section course \u00e0 pied EES Mulhouse<\/p>\n                  <\/div>\n                <\/div>\n                <div data-colibri-id=\"398-c31\" class=\"d-block style-945 style-local-398-c31 position-relative h-element\">\n                  <!---->\n                  <div class=\"h-image__frame-container-outer\">\n                    <div class=\"h-image__frame-container\">\n                      <!---->\n                      <!---->\n                      <img loading=\"lazy\" decoding=\"async\" width=\"623\" height=\"242\" src=\"http:\/\/arianecross.com\/wp-content\/uploads\/2025\/08\/Image2.png\" class=\"wp-image-1025 style-945-image style-local-398-c31-image\" alt=\"\" srcset=\"https:\/\/arianecross.com\/wp-content\/uploads\/2025\/08\/Image2.png 623w, https:\/\/arianecross.com\/wp-content\/uploads\/2025\/08\/Image2-300x117.png 300w\" sizes=\"auto, (max-width: 623px) 100vw, 623px\" \/>\n                      <div class=\"h-image__frame h-hide-lg h-hide-md h-hide-sm style-945-frameImage style-local-398-c31-frameImage\"><\/div>\n                    <\/div>\n                  <\/div>\n                <\/div>\n              <\/div>\n            <\/div>\n          <\/div>\n        <\/div>\n      <\/div>\n    <\/div>\n  <\/div>\n<\/div>","protected":false},"excerpt":{"rendered":"<p>Eiffage Energie Syst\u00e8mes \/ M2A Let&#8217;s introduce 2025 Mulhouse edition team V\u00e9ronique MEYER Conseill\u00e8re communautaire m2A en charge de la Communaut\u00e9 des Villes Ariane Pascal CONRATH Directeur Commercial Spatial Eiffage Energie Syst\u00e8mes, en charge de la Communaut\u00e9 des Villes Ariane&nbsp; Lydia HAMOUD&nbsp; Responsable communication Vincent ANSETT Chef de projets Pr\u00e9sident de la section course \u00e0 [&hellip;]<\/p>\n","protected":false},"author":1,"featured_media":0,"parent":0,"menu_order":0,"comment_status":"closed","ping_status":"closed","template":"page-templates\/full-width-page.php","meta":{"footnotes":""},"class_list":["post-398","page","type-page","status-publish","hentry"],"_links":{"self":[{"href":"https:\/\/arianecross.com\/index.php?rest_route=\/wp\/v2\/pages\/398","targetHints":{"allow":["GET"]}}],"collection":[{"href":"https:\/\/arianecross.com\/index.php?rest_route=\/wp\/v2\/pages"}],"about":[{"href":"https:\/\/arianecross.com\/index.php?rest_route=\/wp\/v2\/types\/page"}],"author":[{"embeddable":true,"href":"https:\/\/arianecross.com\/index.php?rest_route=\/wp\/v2\/users\/1"}],"replies":[{"embeddable":true,"href":"https:\/\/arianecross.com\/index.php?rest_route=%2Fwp%2Fv2%2Fcomments&post=398"}],"version-history":[{"count":12,"href":"https:\/\/arianecross.com\/index.php?rest_route=\/wp\/v2\/pages\/398\/revisions"}],"predecessor-version":[{"id":1233,"href":"https:\/\/arianecross.com\/index.php?rest_route=\/wp\/v2\/pages\/398\/revisions\/1233"}],"wp:attachment":[{"href":"https:\/\/arianecross.com\/index.php?rest_route=%2Fwp%2Fv2%2Fmedia&parent=398"}],"curies":[{"name":"wp","href":"https:\/\/api.w.org\/{rel}","templated":true}]}}